e
Suppose -10*d + 5*d + 1085 = 0. Is d a prime number?
False
Is ((-76)/16)/(4/(-16)) a prime number?
True
Let a(t) = 2*t**3 - 2*t**2 + 6*t - 1. Is a(4) a composite number?
True
Let k(u) = 38*u + 3. Let j be k(3). Let a = j - -70. Is a composite?
True
Let c(g) = g**3 + g**2 + 4. Let n be c(0). Suppose 0 = h + 3*o + o - n, 4 = -2*h + 4*o. Suppose 3*x - 39 = -h*x. Is x prime?
True
Suppose -25 = 5*k, 0*s - 4*k = 5*s + 5. Suppose -s*f + u - 2*u + 127 = 0, -5*u = -f + 53. Suppose h - 3*d - d + 3 = 0, 0 = -3*h - d + f. Is h a prime number?
True
Suppose -2*j - 2*j + 3*s - 53 = 0, -5*s + 4 = j. Let q(a) = -a**2 - 16*a + 4. Is q(j) prime?
True
Let c = 82 + -31. Suppose 2*u - 23 = c. Is u composite?
False
Suppose -4*f + 3*q = -f - 10977, 7318 = 2*f - 3*q. Is f prime?
True
Is 1/((4 + -7)/(-921)) a prime number?
True
Let a(u) = 3*u + 26*u**2 - 29*u**2 - 11*u**3 + 2 + 14*u**3. Let o = 3 + 0. Is a(o) a composite number?
True
Suppose 4*h = -0*h + 84. Is h a composite number?
True
Let f(l) = 11*l - 33. Is f(16) prime?
False
Suppose -4*a - 30 - 9 = x, 3*a - 232 = 4*x. Let p = x + 122. Is p a prime number?
True
Let g(n) = n**2 + 2*n + 7. Let z be g(-3). Let y = 267 - z. Is y prime?
True
Is (-198373)/(-85) + (-8)/10 a prime number?
True
Suppose -3*t + l + 573 = 0, -3*t + 191 = -2*t - l. Is t prime?
True
Let d(j) = 2*j**2 - 4*j - 8. Let m be d(6). Let o be 2901/4 - 10/m. Is (o/10)/(2/4) a prime number?
False
Suppose 0 = -4*s - 5*y + 49, -3*s = 2*s - 4*y - 51. Suppose -t + 33 = s. Is t prime?
False
Let q(f) = 2*f**2 - 7*f - 4. Let b(a) = a**3 - 4*a**2 - a - 3. Let y be b(4). Is q(y) a composite number?
True
Suppose -3*x - 201 = -6*x. Is x composite?
False
Suppose 2*z + 1225 = -3*z. Let k = 394 + z. Is k composite?
False
Let t be 5/2*(-32)/(-20). Suppose p + 7 = -t*j - 2*p, 3*j + 2*p + 4 = 0. Suppose -115 = -3*x - j*x - 3*n, x - 23 = 3*n. Is x composite?
False
Let a be ((-96)/9)/((-4)/12). Is (190/(-8))/((-8)/a) prime?
False
Suppose -4*y - 396 = -4*u, -4*y - 5*u - 419 + 41 = 0. Let n = 152 + y. Is n a prime number?
False
Let z(j) be the second derivative of -13/6*j**3 + 4*j + 0 - 3*j**2. Is z(-4) a composite number?
True
Let h(y) = y**3 - 21*y**2 - 5*y - 38. Is h(27) composite?
False
Let z(b) be the first derivative of b**5/20 - 11*b**4/24 + b**3/3 - 2. Let r(i) be the third derivative of z(i). Is r(8) prime?
True
Let u = 738 - 392. Let n = u - 177. Is n a composite number?
True
Suppose 2*i + 3*i + 265 = 0. Is (i/3)/((-5)/15) a prime number?
True
Suppose -3*j + 5507 = 4*w, j + 3*w - 1849 = 5*w. Is j a prime number?
False
Let a(k) = 2*k**3 - 5*k**2 - k + 1. Is a(5) a composite number?
True
Suppose -5*b + 278 = 3*k + k, -3*b = -5*k - 189. Let u = -37 + b. Is u a prime number?
False
Let q = 3 - -6. Let a(u) = -23*u**3 - 4*u**2 + 2*u + 1. Let b be a(2). Is (-2)/3 - b/q a composite number?
True
Let s be ((-1)/4)/((-3)/12). Is (-3)/(3/(-389))*s a composite number?
False
Let d be (-34)/(-6) - 3/(-9). Suppose d*f + h - 90 = 3*f, -5*f = -4*h - 167. Is f prime?
True
Let w(r) be the first derivative of -2*r**2 + 5*r - 1. Let b = -8 - -3. Is w(b) prime?
False
Suppose 10 = -0*c + 5*c. Suppose 5 = 4*r - 3*a, 0 = -5*r + a + c*a + 4. Is 2*(174/4 - r) a composite number?
False
Let l(b) = -b + 3*b**2 - 5*b + 7*b + 3 - 3*b. Is l(-8) a composite number?
False
Suppose -2*g = 2*g - 12. Let u = -1190 + 1775. Suppose -u = -g*l + 48. Is l composite?
False
Suppose -10*u - 22243 = -23*u. Is u a prime number?
False
Is (7 - (-1375)/(-15))/(4/(-6)) prime?
True
Let l(u) = -2*u**3 + 9*u + 1 - 9*u**2 + 1 - 7 - 4*u. Is l(-7) prime?
False
Suppose 0 = 3*t + 4*r - 6223, -3*t + 8349 = t - 5*r. Is t a composite number?
False
Let h = -51 - 87. Let k = 349 + h. Is k a composite number?
False
Suppose 2*v + 3*b - 2 = 0, 4*v - 12 = 4*b + 12. Suppose -v*r = 3 - 139. Is r composite?
True
Is (-1)/(-2 + 3588/1796) composite?
False
Is (-326*3/6)/(-1) a prime number?
True
Suppose -179*k = -180*k + 2362. Is k a composite number?
True
Let i(b) = -33*b + 2. Let a(n) = 133*n - 8. Let c(o) = -2*a(o) - 9*i(o). Is c(3) composite?
True
Suppose -3*k - p + 489 = 0, 3*k + 2*p = 679 - 190. Is k a prime number?
True
Suppose 4*d = 8*d, 3*b - 5*d = 2391. Is b a composite number?
False
Suppose 3*y = -2*y + 35. Let l(k) = -2*k**3 + 4*k - 7*k**2 + 7*k**3 - 4*k**3 + 5. Is l(y) composite?
True
Let a be 2 - 1 - -1 - 257. Let u = 368 + a. Is u composite?
False
Suppose 0 = -2*p - 1014 + 6128. Is p a composite number?
False
Suppose -3*k - 6 = 0, -2*k - 3*k - 19 = y. Let g be (0 + (-40)/6)*y. Suppose -g = -5*n + n. Is n prime?
False
Is (-959)/(-4) + (-9)/12 a prime number?
True
Let v(t) = -t**2 - 5*t + 7. Let l be v(-7). Let y(o) = o**3 + 8 + 0*o**3 + o**2 + 7*o**2. Is y(l) prime?
False
Suppose 0*p - 3*p = 27. Let r(n) = -n**2 - 9*n + 6. Let x be r(p). Let g(q) = q**3 - 6*q**2 + 4*q - 5. Is g(x) a composite number?
False
Suppose -n - 1277 = -3*n + 5*k, 0 = n + 2*k - 643. Is n a composite number?
False
Is ((-1264)/(-24))/((-4)/(-6)) composite?
False
Let w = 5 - 4. Let d be w - -1*(2 - 139). Let i = 251 + d. Is i composite?
True
Let q = -1 + 1. Suppose q = 5*c + 10, -2*t + 2*c + 157 = t. Is t composite?
True
Suppose -o = 2*c + 2*c - 92, -4 = -o. Is 12030/c - (-10)/55 prime?
True
Is -3 + 1 - -127 - -2 composite?
False
Let w(m) = -m**3 - 13*m**2 + 19*m - 4. Is w(-15) composite?
True
Let y be (-2)/(7/(203/(-2))). Let r = y + 113. Is r prime?
False
Let h be (14/(-4))/(2/(-4)). Suppose -3*l + h*l - 5*y - 61 = 0, 2*y - 25 = -l. Is l composite?
False
Let c be 4/16 - 14/(-8). Let n(u) = u**2 - 2*u + 3. Let l be n(c). Suppose 5*z - 42 = -l*s, 5*z + 0*s + 4*s = 41. Is z a prime number?
False
Let w(c) be the third derivative of c**6/24 + c**5/20 + c**4/8 - 4*c**2. Let i be w(3). Is -2*1/((-6)/i) a composite number?
True
Let t = 9 - 37. Let p be t/(-6) + (-2)/3. Suppose 3*q = p*q - 6. Is q a prime number?
False
Let i be -1*0/((-9)/3). Suppose v = -4*l - 3*v + 40, 5*l - v - 26 = i. Let b(t) = -t**3 + 6*t**2 + 2*t + 7. Is b(l) composite?
False
Is (2 - (-1380 - 3)) + 0/2 a prime number?
False
Let o(z) = z**2 + z + 5. Is o(-3) a prime number?
True
Let y be 1/2 - (-5)/2. Let c be (y + 1 + -2)*2. Suppose -c*w = -3*w - 39. Is w composite?
True
Suppose 1 = l - 6. Let v be (-19)/l - (-6)/(-21). Let f = 9 + v. Is f a prime number?
False
Is -4 + 1 + 7 - -873 prime?
True
Let f(m) = m**3 + 11*m**2 - 11*m + 6. Is f(-11) a composite number?
False
Let y be 2/(-9) - (-43)/(-9). Let c(i) = -i**3 - 3*i**2 + 6*i - 1. Is c(y) a composite number?
False
Let p(r) = -1 + 2*r**2 - 3 - 2*r - 1. Is p(-5) prime?
False
Let l(h) = -h**2 + 9*h + 7. Let a be l(9). Suppose 0 = v + a - 44. Is v a composite number?
False
Let g be (-8)/(-20)*(2 + -7). Is (132/(-8) + -2)*g a composite number?
False
Suppose -s - 866 = -3*r - r, r = -s + 219. Is r a prime number?
False
Suppose -3423 + 731 = -4*f. Is f prime?
True
Let t(k) = k**3 + 7*k**2 - 3*k - 2. Let v be t(-8). Let c = v - -95. Is c composite?
False
Suppose 6 = -3*j + 5*j, -5*t - 207 = -4*j. Let q = t + 77. Is q a prime number?
False
Let h(t) = 4*t**2 - 6*t + 7. Is h(7) composite?
True
Let p be (2/2)/(2/72). Let d = 7 - 21. Let v = p + d. Is v prime?
False
Let d(k) = k**2 + 10*k + 13. Let s be d(-9). Suppose -215 = -s*o - 67. Is o a prime number?
True
Let f(n) be the third derivative of n**4/8 + 8*n**2. Suppose j + 1 = -4*a, 3*a - 12 = -7*j + 2*j. Is f(j) a prime number?
False
Let m(q) = 2*q**2 + 8*q - 13. Suppose -4*o + 9*o + 60 = -3*t, 2*t = -3*o - 37. Is m(o) a composite number?
True
Let i be ((-12)/(-20))/(1/5). Suppose -i*l + 29 = -28. Is l composite?
False
Is (1 - -165)/((-2)/(-7)) a composite number?
True
Let w(p) = 2*p**3 - 3*p**2 - 4*p + 2. Let s be w(-6). Is s/(-14) + (-14)/(-49) a prime number?
True
Suppose -4*u + 1456 = -352. Suppose -360 = -4*z + u. Is z prime?
False
Is (-3)/(1/(-79) - 0) a prime number?
False
Let r = -62 + 475. Suppose 2*z - 10 = 0, -5*v + 4*z = -0 - 5. Suppose 5*h + v*i - r = 4*i, -4*h = -i - 334. Is h a prime number?
True
Suppose -m + 3*m = 4*w - 6, 0 = 2*w + 3*m - 7. Suppose w*f = 6*f - 272. Suppose -127 - f = -3*z. Is z a composite number?
True
Suppose f + 584 = 2*u, 2*f - 7*f + 10 = 0. Is u a composite number?
False
Suppose 12 = u + 2*u. Suppose -3*b - 10 = 5*c - c, -12 = 3*c. Suppose -u*j + 16 = 0,